et r = -19 - -12. Let d be c(r). Suppose -116*s + d*s + 552 = 0. What is the hundreds digit of s?
1
Let o be 0 + 3/(-3 + (-4401)/(-1468)). Let c = -972 - o. What is the tens digit of c?
9
Let u be (-6)/(341358/42672 - 8). What is the tens digit of (-1)/(u/(-4739) + 3)?
7
Suppose 0 = -0*r + 6*r - 732. Let u = r + -124. What is the tens digit of u/(-10) - (-694)/5?
3
Let t = -26 - -30. Suppose 1 + t = 5*g. What is the units digit of g*(10 - 4) - 2?
4
What is the thousands digit of (1 - 274/14)*(-52640)/80?
2
Let d be ((-618)/(-15))/((-4)/(-30)). Suppose -3*n - 327 = -g, g + 18*n = 15*n + d. What is the tens digit of g?
1
Let h(g) = -g**3 + 4*g**2 - 3*g + 10. Let o be h(3). Let n(d) = 13*d - 73. What is the tens digit of n(o)?
5
Suppose x = -34*y + 36*y - 13, 4*y + 2*x - 14 = 0. Suppose -1265 = -y*t - 3*z, 0 = -5*t - 0*t + z + 1265. What is the units digit of t?
3
Suppose 4*f = 5*j - 64521, -f + 51642 = -j + 5*j. What is the units digit of j?
9
Let t(o) be the third derivative of -o**5/60 - o**4/24 - 4*o**3/3 - 11*o**2. Let k be t(-6). Let q = -28 - k. What is the tens digit of q?
1
Let n = -4268 - -2858. Let p = n + 2772. What is the thousands digit of p?
1
Let n(r) = -2*r**3 - 19*r**2 - 27*r + 31. Let g be n(-7). Suppose -s - 2 - 45 = -2*b, s + 5*b = -33. Let d = g - s. What is the units digit of d?
8
Let o be 10/(120/59 + -2) - -1. Suppose 5*k = -3*b + 925, -5*b - 740 = -2*k - 2*k. Let r = o - k. What is the units digit of r?
1
Suppose -7*v + 25700 + 41829 = 0. What is the tens digit of v?
4
Suppose -79*j + 2*r - 5012 = -84*j, 0 = -4*j - 5*r + 3996. What is the hundreds digit of j?
0
Suppose 0 = 5*t + 5, -2*t = 3*u - 4*t - 14. Let a be (-6 - (24 - 0))*u/10. What is the tens digit of 2*a/8 - -2 - -36?
3
Let z(n) = -3*n**3 - 10*n**2 + 3*n. Let i(p) = p**3 - p**2 - p - 1. Let g(y) = -4*i(y) - z(y). Let c be g(14). What is the hundreds digit of (c/4)/(1/58)?
2
Let d(f) = -f**2 + 8*f + 1. Let q be d(5). Suppose 4*y = -4*b - q, -2*y - 1 = -4*b + 1. What is the tens digit of ((-176)/6 + -4)*y?
0
Let n be (-16)/(-6)*(-9 + 18). Let y = -25 + n. What is the units digit of (1 - (-4)/(-1) - y) + 43?
1
Let j = 33 - 33. Suppose j*i + 3*i - 364 = -4*n, -n + 106 = -3*i. Suppose 8 = 3*y - n. What is the tens digit of y?
3
Let p(y) = y**2 + 13*y - 95. Let q be p(-18). What is the hundreds digit of (4/10)/2 + (-3514)/q?
7
Let q = 477 - 471. Suppose 5*z = 0, 9*p - q*p + z = 2712. What is the units digit of p?
4
Suppose 13*g - 38*g = -225. What is the thousands digit of 6/g*(-10 + 6 - -1639)?
1
Suppose -5 = 3*n - 17. Let a be 6158/n - (3 + -5)/4. Suppose 9*o = a - 487. What is the hundreds digit of o?
1
Let h(t) = -t**2 + 14*t - 6. Let q be h(10). Suppose 22*s + 9528 = q*s. What is the units digit of s?
4
Let i(x) = 302*x**2 - 29*x + 415. What is the ten thousands digit of i(-12)?
4
Let c(z) = -3*z - 23. Let a be c(-14). Let k = a + -24. What is the hundreds digit of 111 - 8/(-10)*k?
1
Let s be 22/121 + (-92)/22. Let p be s*(-5 - (-3 - 0)). Suppose p*z - 312 = 4*z. What is the units digit of z?
8
Let o be ((-1 + 2)*-3 + 2)*23. Let f be -22 - o - -1*89. Suppose 88*b + 174 = f*b. What is the tens digit of b?
8
Let v(o) = 5*o**2 - 8*o + 7. Let p be v(1). Suppose 8*c - 876 = -2*s + 3*c, 4*s - p*c - 1780 = 0. What is the units digit of s?
3
What is the units digit of (1740/75)/((-16)/(-1160))?
2
Let h(u) = -2*u**2 - 26*u + 38. Let d be h(-13). Suppose 5*r - x + 3*x - 76 = 0, -2*r = -3*x - d. What is the tens digit of r?
1
Suppose 0 = 33*i - 38*i - 10. Let j be (i/((-4)/438))/(12/(-16)). Let x = -186 - j. What is the tens digit of x?
0
Let x be -8 - (-2 - (-20)/5). Let l(h) = 2*h + 25. Let p be l(x). Suppose -p*t - 118 = -6*t. What is the hundreds digit of t?
1
Suppose 26*i - 58*i + 213216 = 0. What is the hundreds digit of i?
6
Suppose -55*a = 104*a - 513411. What is the thousands digit of a?
3
Let v be -4 + -11 + 1448/8. Let k be 154/4*(-6)/3. Let m = v - k. What is the hundreds digit of m?
2
Let p be 35526/14 - (3 - 48/14). Suppose -2*a - p = -4*r, -137*r = -142*r + 3*a + 3171. What is the units digit of r?
6
Suppose -5*z - 2*q + 26293 = 0, -21050 = -4*z - 96*q + 97*q. What is the tens digit of z?
6
Suppose -227*o = -460*o + 225*o + 57568. What is the thousands digit of o?
7
Let i(j) = 58*j**2 - 10*j - 168. What is the hundreds digit of i(-18)?
8
Let k(j) = 67 + 61 + 21 - j. Let g be k(0). Let a = g - 57. What is the units digit of a?
2
Let v(p) = p**2 - 561*p + 63. What is the tens digit of v(-94)?
3
Let d(j) = -5702*j + 1097. What is the units digit of d(-3)?
3
Suppose -5*z + 6013 = 3*u, 14 = 4*z + 18. What is the hundreds digit of u?
0
Let t(u) = -331*u - 395. What is the units digit of t(-5)?
0
Let x(i) = 101*i + 0*i**2 - 4 - 113*i + 3*i**2. What is the units digit of x(9)?
1
Suppose 29603 = -22*j + 536329. What is the tens digit of j?
3
Suppose -170176 - 310921 = -50*s + 179003. What is the hundreds digit of s?
2
Let c(d) = -d**3 + 22*d**2 + 26*d - 4. Let a be c(23). Suppose -68*y + a*y - 36 = 0. What is the units digit of 68*(0 + 2 - (-18)/y)?
4
Suppose 0 = 88*v + 2*v - 235170. What is the hundreds digit of v?
6
Suppose 41*l - 9*l - 9200 = 16*l. What is the hundreds digit of l?
5
Suppose l + 5 = 0, 2*d = -3*l - 232 - 131. Let x = d - -430. What is the hundreds digit of x?
2
Let n be -3 - (5 + -4 - (-2 - -52)). Let p = n - 38. Suppose -p + 3 = -j. What is the units digit of j?
5
Let v = 21503 + -11291. What is the ten thousands digit of v?
1
Let r = -13096 + 29450. What is the units digit of r?
4
Let v = 46724 - 20899. What is the ten thousands digit of v?
2
Suppose 59 - 83 = 4*h. Let g(m) = -3*m + 2. What is the tens digit of g(h)?
2
Let x(m) = -44766*m - 37. What is the hundreds digit of x(-1)?
7
Let r(i) = i**3 - 11*i**2 + 12*i - 7. Let h be r(10). Let v(f) = -2*f + 29 - 3*f + f + 7*f - 10. What is the units digit of v(h)?
8
Let g(q) = 253*q**2 - 3*q - 1. Let n(z) = 4*z - 19. Let m be n(8). Let b be (1/5)/(m/65). What is the tens digit of g(b)?
4
Suppose 3609*l = 3612*l + 4*j - 229200, -2*l = -4*j - 152780. What is the ten thousands digit of l?
7
Suppose -4*a + 4*b = 2528, 2*b + 80 = -2*a - 1168. Let d = 1193 + a. What is the units digit of d?
5
What is the units digit of 13438/(15310/(-750) - -21 - (-2)/25)?
7
Let z(w) = -w**2 + 8*w + 3. Let s be z(8). Suppose 31 = s*j - 536. Suppose 0 = -o - 4 + j. What is the units digit of o?
5
Suppose 5*k = 2*i - 1040, 9*k + 624 = 6*k + 2*i. What is the tens digit of 2/(-16) - 20410/k?
9
Let i be (-4)/(-10) - 29616/40. What is the units digit of 7/(-1) + (-5 - i)?
8
Let z(d) = 197*d**3 + 3*d**2 + 24*d - 24. What is the tens digit of z(1)?
0
Let z = -8019 - -15560. What is the hundreds digit of z?
5
Let n(z) be the first derivative of 14*z**3/3 + 13*z**2 - 4*z - 59. What is the hundreds digit of n(-4)?
1
Let y(t) be the second derivative of -8*t**3/3 - 25*t**2 + 2*t. Let v(o) = 15*o + 50. Let d(i) = 7*v(i) + 6*y(i). What is the units digit of d(8)?
2
Let d(f) = -9*f**3 + 3*f**2 - 2*f + 4. Let n be d(3). What is the tens digit of (-6)/(-6) - n - -5?
2
Suppose -3*w = w + f - 10, -w = 5*f - 12. Suppose -w = -g, y - g + 167 = 4*y. What is the units digit of y?
5
Let n = -35 + 54. Suppose 0 = -u + 17 - n. What is the hundreds digit of (0 - u/(-2))*-144?
1
Let l(k) = 65*k - 55. Let m be ((-35)/(-10))/(3 - 20/8). What is the units digit of l(m)?
0
Let v = 9074 + -3970. What is the tens digit of v?
0
Let g(t) = 26488*t**2 + 60*t + 60. What is the ten thousands digit of g(-1)?
2
Suppose 5*s = 83 + 347. Let u(w) = w**3 + 8*w**2 + 140*w + 562. Let p be u(-4). Let i = s - p. What is the tens digit of i?
2
Let r(v) = 10*v**3 - 2*v**2 + 5*v - 6. Let i be r(4). Let o(s) = -s**3 + 42*s**2 - 77*s + 49. Let c be o(40). Suppose 7*g - c = i. What is the units digit of g?
3
Let u be 7/(-14) - 9/(-2). Suppose 18*d + u*o = 13*d + 1563, -o - 1553 = -5*d. What is the hundreds digit of d?
3
Let z = -9660 - -21174. What is the thousands digit of z?
1
Let p(o) = 2*o + 8 + 16*o**2 - 18*o**2 - 2 - 14*o**2. Let b be p(-2). Let k = b - -211. What is the hundreds digit of k?
1
Let c = -95 + 90. Let o be (-8)/6*(c + 202 + -5). What is the tens digit of ((-5)/(-2))/(-4 - 1028/o)?
6
Let v(p) = 22*p**2 + 4*p - 3. Let o be v(1). Let r = 89 + o. What is t